1*n + 20. Let a be (102 - 99) + (1/1 - -17). Give r(a).
20
Let o(r) = 947 - r - 1401 + 453. Let a be 3/2*(-2)/1. Determine o(a).
2
Let t(f) = 2*f**3 + 1. Let u = 307 - 308. Determine t(u).
-1
Let j(z) = 27*z - 30. Let n be j(4). Let q(b) = -n*b - 4 - b**2 + 36*b + 30*b - 1. Let i(d) = d - 34. Let o be i(23). Give q(o).
6
Let o = -13217 - -13215. Let g(w) = w**2 - w. Suppose 0*r - 4 = 4*r. Let f(t) = -3*t**2 + 7*t - 2. Let m(n) = r*f(n) - 6*g(n). Calculate m(o).
-8
Let c(g) = -3*g**2 + 2*g + 7. Let o be 4 + (-583)/77 - (54/(-21) + 2). Give c(o).
-26
Let l(m) be the first derivative of m**4/2 - m**3/3 - 3*m**2/2 + 94*m - 10719. What is l(0)?
94
Suppose 0 = 3*q - 9, 20*q = 2*a + 22*q. Let m(b) = 2*b**3 + 2*b**2 - 5*b + 6. Determine m(a).
-15
Let f(j) = j + 13. Let r = 1 + 26. Let m be (-150)/27 + (-12)/r. Give f(m).
7
Let n(s) = -s**2 - 18*s + 59. Suppose 5*w - 4*m + 134 = 0, 149 - 405 = 13*w + 5*m. Calculate n(w).
-29
Suppose 0 = 10*j - 71 + 31. Let c(m) = 1 + 11*m**2 + j - 6*m**3 + 5*m**3 - 1 + 5*m - 6*m**2. What is c(6)?
-2
Let x(v) = 2*v. Let q(i) = -3*i + 1. Let l(s) = 3*q(s) + 5*x(s). Let w(g) = g**2 - 36*g - 77. Let n be w(22). Let r = 378 + n. Give l(r).
-4
Let n(v) = 4*v**2 - 5*v + 2. Let u(l) be the third derivative of l**5/20 - 5*l**4/24 + l**3/6 + 53*l**2. Let p(i) = 4*n(i) - 5*u(i). What is p(-3)?
-3
Let g = 246 - 168. Let p = g + -79. Let m be p*(1 + 2)/(-3). Let d(s) = 2*s**3 - s**2 + 1. Calculate d(m).
2
Let k(u) = 525*u - 46 - 260*u - 269*u. Let z be k(-10). Let b(q) = 3*q - 3. Give b(z).
-21
Let b(w) be the first derivative of -w**4/4 - 4*w**3/3 + w**2 - 15*w - 16. Let g be b(-5). Suppose -j - 69 + 74 = g. Let h(q) = -q**2 + 4*q - 3. What is h(j)?
-8
Let u(g) = -3*g + 11. Let a(f) = -f - 1. Let k(w) = 3*a(w) + u(w). Let r be k(2). Let s be 2 + -2 + (r - -5). Let v(b) = -9*b**2 + b - 1. Give v(s).
-9
Let m(q) be the first derivative of q**2/2 + 7*q + 3254. Suppose -3*z = 2*z - a + 20, 2*a = -3*z + 1. What is m(z)?
4
Suppose 132 = -41*z + 214. Let u(h) = -12*h**2 - 2. Let s(p) = p**2. Let y(b) = 6*s(b) + u(b). Calculate y(z).
-26
Let p(y) = 5*y**2 - 9*y - 11. Let b(o) = 25*o**2 - 43*o - 54. Let w(t) = 4*b(t) - 19*p(t). Calculate w(6).
167
Let z(v) be the first derivative of v**3 + 23*v**2/2 + 21*v - 1977. What is z(-7)?
7
Let y(o) = o**2 - 7*o + 7. Let g be (-1 + 2)/(8 + -2 + -7)*-11. Determine y(g).
51
Let s(i) = -49*i - 17*i - 71*i + 42*i**2 + 15 - 34*i**2. Calculate s(17).
-2
Let w(y) = y**2 + 9*y + 10. Suppose 4*s + 3*h - 54 = 0, h + 2 = 4. Suppose s*f + 64 = 14*f. Suppose -2*j - 2*j - f = 0. What is w(j)?
2
Let w(u) = 2*u + 57 - 23*u - 132 + 43 - u**2. Calculate w(-19).
6
Let p(m) be the first derivative of -m**4/4 - 15*m**3 + 24*m**2 + 97*m - 78. Calculate p(-46).
5
Suppose 2*m = 2*k + 28 + 112, -4*k + 280 = 4*m. Let l = m + -63. Suppose 2 = 5*w + l, -c - 4 = 4*w. Let s(f) = -f**2 - f + 8. Calculate s(c).
8
Suppose -5*k + 53 + 162 = -3*h, 255 = 5*k + 5*h. Let q = k - 34. Suppose 0 = -4*g + b + q, -g + 0*b + b = -6. Let u(p) = 5*p**2 - 2*p - 1. Calculate u(g).
15
Let f(v) = 27*v**2 + 8*v - 51. Let z(s) = -17*s**2 - 5*s + 33. Let d(m) = 5*f(m) + 8*z(m). What is d(7)?
-40
Let u(s) = -s**3 - 5*s**2 - 6*s - 6. Suppose 0 = -5*f + 17 + 53. Let o(j) = -9*j - 9. Let h be o(-2). Suppose -22 = h*c + f. What is u(c)?
2
Let z = 73 - 74. Let n(a) = -6*a + 2. Let h(o) = o - 1. Let k(l) = z*n(l) - 4*h(l). Let p = 41 - 35. Give k(p).
14
Let w(o) = -13*o**3 - 3*o**2 - 2*o + 2. Suppose -2*f - 2 = -2*r, -7 = 2*r - 6*r + 5*f. Give w(r).
98
Let b(i) = i**2 - 23*i + 88. Let m be b(18). Let v(d) = -2*d**3 + 3*d**2 + d - 2. Calculate v(m).
24
Let d(b) be the second derivative of -b**7/840 + b**6/120 - b**5/40 - 17*b**4/3 - 6*b. Let y(c) be the third derivative of d(c). What is y(4)?
-27
Let s(g) = 2*g - 4. Suppose a - 7*a = -756. Let n = -17 + 45. Let j be n/a + (1 - 47/9). Determine s(j).
-12
Suppose 0 = d - 5*k - 16, -2*d + 21 = -3*k + 10. Let h(q) = 51*q**3 - q**2 + 2*q - 2. Give h(d).
50
Suppose -55 = 86*v - 97*v. Suppose -p - v*i = -3*p + 12, -24 = p + 5*i. Let f(m) = 3*m**2 + 6*m. Give f(p).
24
Let m(q) = 5*q + 3. Let k(f) = 2*f**2 + 25*f + 78. Let l be k(-8). Let z be 2/(l/48 - (-19)/(-24)). Calculate m(z).
-12
Let r(h) = -h**3 + h**2 - 3*h + 3. Let q(z) = 52*z**2 - 2*z + 57. Let u(n) = q(n) - r(n). Give u(-51).
3
Let f = 28 + -28. Let d(b) = f + 0 - 3510*b + b**2 + 3511*b. Let g = -26 - -29. Calculate d(g).
12
Let z be (-2)/(-8) - 1 - (-156)/16. Let q(x) = x**3 - 17*x - 3 - 7*x**2 + 15*x + z*x**2. Let a be 2*-2 + 2*1/2. Give q(a).
-6
Let v(y) = 5*y**3 + 7*y**2 + 3*y - 7. Let q(l) = -4*l**3 - 7*l**2 - 4*l + 6. Let h(a) = 6*q(a) + 5*v(a). Let o = -17950 + 17958. What is h(o)?
-7
Let b(o) = o**3 + 50*o**2 - 2*o - 99. Let d be b(-50). Let c(f) = -2 + d + 4 + 3164*f - 3157*f. Give c(5).
38
Let m(x) be the third derivative of x**5/15 - x**4/3 + 5*x**3/2 + 4129*x**2. What is m(2)?
15
Let s(c) = 7 - 2*c**2 - c - 5*c + c**2 - 2. Let q be s(-7). Let r(x) = 3*x + 10. Let y be r(q). Let b(g) = g**2 - 4*g + 1. Calculate b(y).
1
Let x(m) = m**2 - 39*m + 227. Let i be x(32). Let z(j) = 21*j - 22. Calculate z(i).
41
Let m(s) be the third derivative of -s**4/8 + 2*s**3 + 9*s**2 + 3. Suppose -154 = -25*l - 4. Give m(l).
-6
Let m = -261 + 212. Let d be 2*(-5 - m/7). Let r(p) = p**3 - 4*p**2 - p - 4. Give r(d).
-8
Let u(q) be the second derivative of -35*q**3/6 - 31*q**2 + 351*q + 3. Calculate u(-2).
8
Let n be 3/4 - 124/16. Let c(x) = -10*x + 3. Let b(z) = -31*z + 10. Let g(w) = n*c(w) + 2*b(w). Let f = -1499 + 1500. Give g(f).
7
Let i(c) = 6*c + 40. Let j(o) = -5*o**2 + 189*o - 155. Let f be j(37). Give i(f).
-2
Suppose -18*q + 42*q = 1200. Suppose 5*a = 4*j - q, a = 5*j - 28 - 3. Let m(y) = y**2 + 9*y + 8. Give m(a).
-10
Let a(k) = -2*k**2 - 8*k - 4. Let t be (-16 + 14)/(2/(-3))*8. Suppose 7*v - 3*v = -t. Give a(v).
-28
Let b = 1819 + -1820. Let l(j) = -6*j - 1. Let q(p) = -12*p - 2. Let n(f) = -5*l(f) + 3*q(f). What is n(b)?
5
Let a(r) = -r**2 - 2*r + 5. Let j be a(-4). Suppose 3*o + w - 4 = 0, -2*o + 9 = -2*w - 7. Let g(t) = -18 + 34 + o*t + 2*t**2 - 20 + t**2. Calculate g(j).
14
Suppose 5*h = 0, 0 = 3*t - 2*h + 4*h - 48. Let z(v) = -v**2 + 8*v + 127. Determine z(t).
-1
Let y(r) = -r**2 + r + 1. Let m be (-10)/(-10) + (0 - (1 - 4)). Let b(s) = -3*s - m*s + 2 + 8*s + 6. Let g be b(-7). Calculate y(g).
1
Let q be (-8)/(64/(-131982)) - 3/4. Let v(t) = 2 + 8 - q*t + 16498*t. What is v(-9)?
1
Let m be ((-5)/(-10))/((-3)/6) - -3. Let k(h) = -5 + 10 - 7*h - 3*h**3 - 9*h**m - 3*h**3 + 5*h**3. Suppose -4*i - 56 = 3*i. Calculate k(i).
-3
Let h(p) = -p**3 + p**2 + 2*p + 1. Let x be (-20140)/(-65) - 2/(-13). Suppose 6 = -x*o + 313*o. Determine h(o).
1
Suppose -j - 5*t + 41 = 0, -2*t - 53 = -65. Let z(k) = -4*k + 60. Give z(j).
16
Let l be (-16)/12 + (-26)/(-6). Suppose -7*x = -l*x - 8. Let b(v) = -10*v + 5. Let g(n) = 19*n - 9. Let c(q) = 11*b(q) + 6*g(q). Give c(x).
9
Suppose -9*x - 56 = 12*x - 14*x. Let a(v) = v**2 + 5*v - 4. Give a(x).
20
Let d(r) be the third derivative of 0 - 11/24*r**4 + 103*r**2 - 1/60*r**5 + 1/3*r**3 + 0*r. Give d(-11).
2
Suppose -51*z + 28 = -112 - 166. Let m(u) = -u - 9. Determine m(z).
-15
Let h(z) = 13*z**3 + 26*z**2 - 35*z + 47. Let c(f) = 11*f**3 + 24*f**2 - 34*f + 48. Let r(j) = -6*c(j) + 5*h(j). Give r(-16).
-5
Suppose 4*g + 17 = u, -3*u + g + 10 - 3 = 0. Let o be 1 - (2 + (3 + u)*-1). Let f(x) = -2*x - 3 + x + x**2 + o. Calculate f(3).
6
Let k(t) = 26 - 5262*t - 5263*t + 10551*t + t**2. Give k(-1).
1
Suppose 5*u - h - 7 = 6*u, 3*h = -u - 15. Let a(d) = -2*d**3 - 4*d**2 + 0*d**2 + 27*d - 29*d. What is a(u)?
24
Let l(g) = 0 + 1 + 2 + 0 - 4 - g. Let u be 0*2*(4/(-16))/(-1). Give l(u).
-1
Let f(z) be the first derivative of -z**2/2 + 47*z + 3669. Give f(32).
15
Suppose 66*n + 0*n + 32*n = 0. Let r(g) = 2*g**2 - 2*g + 41. What is r(n)?
41
Let q be (38*(-52)/(-741))/((-8)/(-9)). Let i(k) = k - k**3 + k + 3*k**2 - 4 + 1. Give i(q).
3
Let v(f) = 5*f + 78. Let r be v(-32). Let w = -80 - r. Let u(q) = 0*q**2 - q**w + 1158*q + 3 - 1156*q. Determine u(5).
-12
Suppose -7 = t - 2. Let h = t - -15. Suppose 4*b = 6 + h. Let d(w) = w**3 - 5*w**2 + 4*w - 4. What is d(b)?
-4
Let c = -462 - -466. Let h(w) = 5*w - 7 + 0*w**2 - 2*w - c*w - 3*w + w**2.